u*i + 40 = 0, -5*y + 61 = i - 91. What are the prime factors of y?
2, 3, 5
Let x(v) = 26*v**2 - 9*v - 1. List the prime factors of x(-2).
11
Let l = 9 - -21. Let u = l + -17. List the prime factors of u.
13
Let o(f) = -3*f**2 + 23 + 0*f + 2*f**2 + 2 - 2*f. List the prime factors of o(0).
5
Suppose -2*s - 2 = 5*w + 14, 2*s + 2*w = -4. Suppose -2*y + 0*y = 0. Let j = s - y. What are the prime factors of j?
2
Suppose 10*n - 552 = 2*n. What are the prime factors of n?
3, 23
Let l(o) = 7*o - 17. What are the prime factors of l(13)?
2, 37
Let y be (54/(-12))/((-6)/8). Let r = -4 + y. Suppose 5*c = 3*g + 9, -r*g - g + 4*c = 6. List the prime factors of g.
2
Let p = 31 + -19. What are the prime factors of 381/p - (-2)/8?
2
Let y = 29 + -48. Let v = -10 - y. Suppose -2*r + v = -r. What are the prime factors of r?
3
List the prime factors of ((-28)/5)/((-3)/15).
2, 7
Let y be 1/4 + 11/4. Let q = -3 + 5. Suppose -y*m + q*k = 3*k - 31, 5*m + 5*k = 65. List the prime factors of m.
3
Suppose -u = -12*w + 11*w - 82, 0 = -2*w + 4. List the prime factors of u.
2, 3, 7
Let t(n) = n + 5. What are the prime factors of t(0)?
5
Suppose -6*s = -3*s - 294. What are the prime factors of s?
2, 7
Let j = 3 + 0. Suppose 2*y + 31 + 79 = 5*n, -j*n - 3*y = -87. Suppose m = -2*m + n. List the prime factors of m.
2
Let r(i) = 11*i + 3. Let u be r(5). Suppose 22 - u = -4*h. What are the prime factors of h?
3
Suppose 2*d - p - 104 = 0, -2*d + 5*d = 2*p + 157. List the prime factors of d.
3, 17
Let z be (4 - -26)/((-3)/(-4)). Let d = z - 17. What are the prime factors of d?
23
Suppose -602 = -5*h + 2*f, -h + f - 2*f + 119 = 0. List the prime factors of h.
2, 3, 5
What are the prime factors of 191/((-36)/(-6) + -5)?
191
Let x = 136 + -69. Suppose -5*p - x = -4*o, 2*p + 3 = -3. List the prime factors of o.
13
Let c(v) = v**3 - 3*v**2 - 7*v - 1. List the prime factors of c(5).
2, 7
Suppose -25*n + 85 = -20*n. List the prime factors of n.
17
Let f(m) = m**2 + m - 1. Let x(w) = w**3 - 14*w**2 - 8*w + 18. Let i(j) = -4*f(j) - x(j). List the prime factors of i(10).
2, 13
Suppose 3*k + 144 = b, -2*b = 4*k - 161 - 177. List the prime factors of b.
3, 53
Suppose -2*l = 2*d - 24, 4*l = 5*d + 6 - 21. Let b(c) = c**3 - 5*c**2 + 3*c - 3. Let x be b(5). Let s = x - d. What are the prime factors of s?
5
Suppose -7 = 5*s - 32. Suppose 3*m + h - 10 = 2*h, -s*h = -10. List the prime factors of m.
2
Suppose i + 0*r - 3*r = 5, -5*i = -5*r - 45. List the prime factors of i.
11
Suppose -r - r - 88 = 0. Let d = -24 - r. List the prime factors of ((-6)/(-4))/(3/d).
2, 5
Suppose 0 = 5*p - 2*j - j + 55, 65 = -5*p + 5*j. Let y = p + 23. List the prime factors of y.
3, 5
Suppose 4 = -3*f + 2*f. Let v(s) be the second derivative of s**4/12 + s**3/6 - 2*s**2 + 5*s. List the prime factors of v(f).
2
Suppose 5*g + 4*i - 73 = 51, 0 = -3*g - i + 73. Suppose 0*c = -3*c + g. Suppose 0*k + c = 4*k. List the prime factors of k.
2
Let t(v) be the third derivative of v**4/24 + v**3 + 2*v**2. List the prime factors of t(5).
11
Let r(z) = -6*z + 127. List the prime factors of r(0).
127
Let f(z) be the second derivative of z**3/6 + 4*z. Let p(y) = 1. Let b(n) = -6*f(n) - 3*p(n). List the prime factors of b(-2).
3
Suppose 88 = 3*t - 2. What are the prime factors of t?
2, 3, 5
Let t(x) = x - 8. Let f be t(4). Let b = -2 + f. List the prime factors of (-1 - 2)/(9/b).
2
Suppose 2*t = 7*t - 45. What are the prime factors of t?
3
Let s(o) be the second derivative of o**3/6 + o**2/2 - o. List the prime factors of s(5).
2, 3
List the prime factors of (-10560)/(-84) + (-4)/(-14).
2, 3, 7
Let n(k) = -25*k + 35. What are the prime factors of n(-6)?
5, 37
Let u = 214 + -19. What are the prime factors of u?
3, 5, 13
Suppose 0 = -5*g - 0*g - 205. Let q = g - -58. Suppose -3 = -j + q. List the prime factors of j.
2, 5
What are the prime factors of (-450)/(-6) - 4/2?
73
Suppose -4*q - 4*k + 80 = 0, 5*q + 4*k - 85 = 2*k. What are the prime factors of q?
3, 5
Suppose 3*a + 6 = -0*a. Let j(x) = 2*x**2 + 2. What are the prime factors of j(a)?
2, 5
List the prime factors of ((-6888)/(-20))/1 + (-4)/10.
2, 43
Let r = 2 + 3. Suppose -4*p = 12, -4*s - r*p + 144 = -p. What are the prime factors of s?
3, 13
Let l = -19 - -35. What are the prime factors of l?
2
Suppose -35 + 10 = -o. What are the prime factors of o?
5
Let y(n) = -n**3 - 22*n**2 + 17*n + 11. List the prime factors of y(-23).
149
What are the prime factors of 3485/11 - 8/(-44)?
317
Let q(m) = 4*m**2 + 3*m + 4. What are the prime factors of q(3)?
7
Let h(k) = 5*k + 5. Let c be h(6). Suppose -2*i + c = 2*v + v, -4*i = 2*v - 10. What are the prime factors of v?
3, 5
List the prime factors of 84/10*(-40)/(-8).
2, 3, 7
Let c(u) = -u**3 + 22*u**2 + 25*u + 51. List the prime factors of c(23).
97
Suppose 2*w - 33 = 5. Suppose t = 5*t + 5*z - w, 0 = 2*t - 5*z - 17. List the prime factors of t.
2, 3
List the prime factors of (-4 + (-230)/(-25))*10.
2, 13
Let p(n) = 2*n**2 - 4*n - 1. Let h be p(3). Let a(d) = d**3 - d - 3*d - h + 2*d - 4*d**2. What are the prime factors of a(5)?
2, 5
Let w(x) = x**2 + 6*x - 6. What are the prime factors of w(3)?
3, 7
Suppose 2*r = b - 3*b - 6, 0 = -5*r + 2*b + 20. Suppose -3*k = -l - r*l + 12, 0 = -2*l - 2*k + 20. What are the prime factors of l?
7
Let c = 12 + -10. Let x be ((c - -1) + -3)/1. List the prime factors of 19 + (-2 + x - 1).
2
Let i = 22 - 0. Suppose 0 = 3*w - 3*m + 6, -i + 6 = -4*m. What are the prime factors of w?
2
Suppose 3*q - 2*q = 0. Suppose q = -r + 3*r - 16. What are the prime factors of (-24)/32 - (-126)/r?
3, 5
Let c be -15*(6/9)/2. Let k = -3 - c. Suppose k*f - 11 = -3*p + 2*p, -f = 3*p - 8. List the prime factors of f.
5
Let b = 23 - -68. What are the prime factors of b?
7, 13
Let j be -15 - 1/(4 - 36/8). Suppose -105 = 3*r + 2*r. Let u = j - r. List the prime factors of u.
2
Let r be -2 + 2 + 1*2. Let p be 1/(36/16 - 2). Suppose -r*c + p*c = 16. What are the prime factors of c?
2
Let j(w) = w**2 - w + 6. Let h = 1 + -1. List the prime factors of j(h).
2, 3
Let m(d) = -4*d + 5*d - 1 + 0 + 8. What are the prime factors of m(-5)?
2
Suppose -3*v - 3*t + 96 = -8*v, -4*t = v + 10. Let l = 39 + v. Suppose 10 = -q + l. List the prime factors of q.
11
Let b = 54 + -33. Suppose -3*x = 2*r - 23, 3*x = r - 2*x + b. Suppose a - 40 = -r*a. List the prime factors of a.
2
Let y = 82 - 26. Suppose -4*b - 5*u - y = 0, b - 3*u - 1 = 2. Let v = 15 + b. List the prime factors of v.
2, 3
Suppose y - 7 - 22 = 0. List the prime factors of y.
29
Let u be (16/6)/(3/9). Suppose -4*q = -3*b + 14, 5*b + 5*q = 4*q + u. List the prime factors of b.
2
Let f(j) = -2*j**2 + 41*j + 10. What are the prime factors of f(19)?
67
Suppose -6*x = 240 - 1110. What are the prime factors of x?
5, 29
Suppose -5*r = -r. Suppose r = -k + 4*k - 12. Let s = k - 2. List the prime factors of s.
2
Let d be 2/11 + 2072/(-22). List the prime factors of (-2)/9 - d/18.
5
What are the prime factors of (4/(-8))/(2/(-248))?
2, 31
Let z = 1 - -3. Suppose -w + 11 = 2*x, 2*x = z*w - 2*x - 92. What are the prime factors of w?
19
Let j be (4/6)/(8/12). Suppose 3*w = 2*v + 7, -10 + j = -5*w + 4*v. Suppose w*c = -25, -h + 41 = 3*h - 5*c. List the prime factors of h.
2
Let n(a) = -a**2 + 0*a**2 - 4 - 3*a + 11*a. What are the prime factors of n(5)?
11
Let n = 429 - 256. What are the prime factors of n?
173
Suppose -5*w + 2*i - i + 1191 = 0, 3*w - 719 = 5*i. List the prime factors of w.
2, 7, 17
Suppose -5 = h - 2. Let d = 9 + h. What are the prime factors of d?
2, 3
Let q(o) be the second derivative of o**5/20 - o**4/3 - 5*o**3/6 - o**2 - 7*o. What are the prime factors of q(6)?
2, 5
Suppose 4*o = 6*o - 68. List the prime factors of o.
2, 17
Suppose 36 = -q - 2*s, -s = 2 + 2. List the prime factors of (q/10)/((-1)/5).
2, 7
Let b = 20 - 30. List the prime factors of 60/10*b/(-3).
2, 5
Suppose -11 = -4*o + 37. Suppose 4*i = -4 + o. Suppose -t = 3*w + i*t - 15, w + 2*t = 6. What are the prime factors of w?
2
Let l = 5 + -3. Suppose l = -3*k + 14. What are the prime factors of k?
2
Let h(r) = -2*r + 4. Let i(k) = -3*k + 3. Let c(u) = -2*h(u) + 3*i(u). List the prime factors of c(-2).
11
What are the prime factors of 58 - (7 + 3/(-1))?
2, 3
Let i(q) = q**3 + 6*q**2 + 6*q. Let r(b) = -b**3 + 7*b**2 - 8*